{"id":1082,"date":"2019-11-10T23:08:37","date_gmt":"2019-11-10T23:08:37","guid":{"rendered":"https:\/\/www.bright-side-karaoke.ch\/?page_id=1082"},"modified":"2026-05-07T20:56:05","modified_gmt":"2026-05-07T20:56:05","slug":"klinik-karaoke","status":"publish","type":"page","link":"https:\/\/www.bright-side-karaoke.ch\/index.php\/klinik-karaoke\/","title":{"rendered":"Klinik-Karaoke"},"content":{"rendered":"\n<h2 class=\"wp-block-heading\">Klinik-Karaoke<\/h2>\n\n\n\n<p>Gemeinsames Singen macht gl\u00fccklich. Musik kann f\u00fcr jemanden, der sich in einer schwierigen Lebenssituation befindet, sogar wie ein Ventil f\u00fcr den aufgestauten Kummer sein.<\/p>\n\n\n\n<p>Seit Mai 2017 biete ich deshalb Karaokeveranstaltungen speziell f\u00fcr sozialtherapeutische Einrichtungen und Kliniken an und habe bisher schon mehr als 80 solche Events durchf\u00fchren d\u00fcrfen. Jedes Mal war es ein Highlight f\u00fcr die Patienten.<\/p>\n\n\n\n<p>Ich werde derzeit regelm\u00e4ssig von 2 Einrichtungen gebucht \ud83d\ude42<\/p>\n\n\n\n<h4 class=\"wp-block-heading\">Meine n\u00e4chsten Termine:<\/h4>\n\n\n\n<p>Entero Klinik Egliswil: Juni 2026, in Planung<\/p>\n\n\n\n<p>Stiftung Satis Seon: Juni 2026, in Planung<br><\/p>\n\n\n\n<h4 class=\"wp-block-heading\">Anfangsf\u00f6rderung f\u00fcr interessierte Einrichtungen:<\/h4>\n\n\n\n<p>Die ersten 3 von mir veranstalteten Karaoke-Events werden vom <a href=\"https:\/\/rainbow-events.ch\/\">Verein Rainbow Events<\/a> subventioniert. Interessierte Einrichtungen k\u00f6nnen sich hier f\u00fcr die Anfangsf\u00f6rderung anmelden: <a href=\"https:\/\/rainbow-events.ch\/index.php\/projekte\/karaoke-projekt\/\">Karaoke-Projekt<\/a><\/p>\n","protected":false},"excerpt":{"rendered":"<p>Klinik-Karaoke Gemeinsames Singen macht gl\u00fccklich. Musik kann f\u00fcr jemanden, der sich in einer schwierigen Lebenssituation befindet, sogar wie ein Ventil f\u00fcr den aufgestauten Kummer sein. Seit Mai 2017 biete ich deshalb Karaokeveranstaltungen speziell f\u00fcr sozialtherapeutische Einrichtungen und Kliniken an und<\/p>\n","protected":false},"author":1,"featured_media":0,"parent":0,"menu_order":0,"comment_status":"closed","ping_status":"closed","template":"","meta":{"footnotes":""},"class_list":["post-1082","page","type-page","status-publish","hentry"],"yoast_head":"<!-- This site is optimized with the Yoast SEO plugin v27.5 - https:\/\/yoast.com\/product\/yoast-seo-wordpress\/ -->\n<title>Klinik-Karaoke - Bright Side Karaoke<\/title>\n<meta name=\"robots\" content=\"index, follow, max-snippet:-1, max-image-preview:large, max-video-preview:-1\" \/>\n<link rel=\"canonical\" href=\"https:\/\/www.bright-side-karaoke.ch\/index.php\/klinik-karaoke\/\" \/>\n<meta property=\"og:locale\" content=\"de_DE\" \/>\n<meta property=\"og:type\" content=\"article\" \/>\n<meta property=\"og:title\" content=\"Klinik-Karaoke - Bright Side Karaoke\" \/>\n<meta property=\"og:description\" content=\"Klinik-Karaoke Gemeinsames Singen macht gl\u00fccklich. Musik kann f\u00fcr jemanden, der sich in einer schwierigen Lebenssituation befindet, sogar wie ein Ventil f\u00fcr den aufgestauten Kummer sein. Seit Mai 2017 biete ich deshalb Karaokeveranstaltungen speziell f\u00fcr sozialtherapeutische Einrichtungen und Kliniken an und\" \/>\n<meta property=\"og:url\" content=\"https:\/\/www.bright-side-karaoke.ch\/index.php\/klinik-karaoke\/\" \/>\n<meta property=\"og:site_name\" content=\"Bright Side Karaoke\" \/>\n<meta property=\"article:modified_time\" content=\"2026-05-07T20:56:05+00:00\" \/>\n<meta name=\"twitter:card\" content=\"summary_large_image\" \/>\n<meta name=\"twitter:label1\" content=\"Gesch\u00e4tzte Lesezeit\" \/>\n\t<meta name=\"twitter:data1\" content=\"1\u00a0Minute\" \/>\n<script type=\"application\/ld+json\" class=\"yoast-schema-graph\">{\"@context\":\"https:\\\/\\\/schema.org\",\"@graph\":[{\"@type\":\"WebPage\",\"@id\":\"https:\\\/\\\/www.bright-side-karaoke.ch\\\/index.php\\\/klinik-karaoke\\\/\",\"url\":\"https:\\\/\\\/www.bright-side-karaoke.ch\\\/index.php\\\/klinik-karaoke\\\/\",\"name\":\"Klinik-Karaoke - Bright Side Karaoke\",\"isPartOf\":{\"@id\":\"https:\\\/\\\/www.bright-side-karaoke.ch\\\/#website\"},\"datePublished\":\"2019-11-10T23:08:37+00:00\",\"dateModified\":\"2026-05-07T20:56:05+00:00\",\"breadcrumb\":{\"@id\":\"https:\\\/\\\/www.bright-side-karaoke.ch\\\/index.php\\\/klinik-karaoke\\\/#breadcrumb\"},\"inLanguage\":\"de\",\"potentialAction\":[{\"@type\":\"ReadAction\",\"target\":[\"https:\\\/\\\/www.bright-side-karaoke.ch\\\/index.php\\\/klinik-karaoke\\\/\"]}]},{\"@type\":\"BreadcrumbList\",\"@id\":\"https:\\\/\\\/www.bright-side-karaoke.ch\\\/index.php\\\/klinik-karaoke\\\/#breadcrumb\",\"itemListElement\":[{\"@type\":\"ListItem\",\"position\":1,\"name\":\"Home\",\"item\":\"https:\\\/\\\/www.bright-side-karaoke.ch\\\/\"},{\"@type\":\"ListItem\",\"position\":2,\"name\":\"Klinik-Karaoke\"}]},{\"@type\":\"WebSite\",\"@id\":\"https:\\\/\\\/www.bright-side-karaoke.ch\\\/#website\",\"url\":\"https:\\\/\\\/www.bright-side-karaoke.ch\\\/\",\"name\":\"Bright Side Karaoke\",\"description\":\"Always look on the bright side of life.\",\"potentialAction\":[{\"@type\":\"SearchAction\",\"target\":{\"@type\":\"EntryPoint\",\"urlTemplate\":\"https:\\\/\\\/www.bright-side-karaoke.ch\\\/?s={search_term_string}\"},\"query-input\":{\"@type\":\"PropertyValueSpecification\",\"valueRequired\":true,\"valueName\":\"search_term_string\"}}],\"inLanguage\":\"de\"}]}<\/script>\n<!-- \/ Yoast SEO plugin. -->","yoast_head_json":{"title":"Klinik-Karaoke - Bright Side Karaoke","robots":{"index":"index","follow":"follow","max-snippet":"max-snippet:-1","max-image-preview":"max-image-preview:large","max-video-preview":"max-video-preview:-1"},"canonical":"https:\/\/www.bright-side-karaoke.ch\/index.php\/klinik-karaoke\/","og_locale":"de_DE","og_type":"article","og_title":"Klinik-Karaoke - Bright Side Karaoke","og_description":"Klinik-Karaoke Gemeinsames Singen macht gl\u00fccklich. Musik kann f\u00fcr jemanden, der sich in einer schwierigen Lebenssituation befindet, sogar wie ein Ventil f\u00fcr den aufgestauten Kummer sein. Seit Mai 2017 biete ich deshalb Karaokeveranstaltungen speziell f\u00fcr sozialtherapeutische Einrichtungen und Kliniken an und","og_url":"https:\/\/www.bright-side-karaoke.ch\/index.php\/klinik-karaoke\/","og_site_name":"Bright Side Karaoke","article_modified_time":"2026-05-07T20:56:05+00:00","twitter_card":"summary_large_image","twitter_misc":{"Gesch\u00e4tzte Lesezeit":"1\u00a0Minute"},"schema":{"@context":"https:\/\/schema.org","@graph":[{"@type":"WebPage","@id":"https:\/\/www.bright-side-karaoke.ch\/index.php\/klinik-karaoke\/","url":"https:\/\/www.bright-side-karaoke.ch\/index.php\/klinik-karaoke\/","name":"Klinik-Karaoke - Bright Side Karaoke","isPartOf":{"@id":"https:\/\/www.bright-side-karaoke.ch\/#website"},"datePublished":"2019-11-10T23:08:37+00:00","dateModified":"2026-05-07T20:56:05+00:00","breadcrumb":{"@id":"https:\/\/www.bright-side-karaoke.ch\/index.php\/klinik-karaoke\/#breadcrumb"},"inLanguage":"de","potentialAction":[{"@type":"ReadAction","target":["https:\/\/www.bright-side-karaoke.ch\/index.php\/klinik-karaoke\/"]}]},{"@type":"BreadcrumbList","@id":"https:\/\/www.bright-side-karaoke.ch\/index.php\/klinik-karaoke\/#breadcrumb","itemListElement":[{"@type":"ListItem","position":1,"name":"Home","item":"https:\/\/www.bright-side-karaoke.ch\/"},{"@type":"ListItem","position":2,"name":"Klinik-Karaoke"}]},{"@type":"WebSite","@id":"https:\/\/www.bright-side-karaoke.ch\/#website","url":"https:\/\/www.bright-side-karaoke.ch\/","name":"Bright Side Karaoke","description":"Always look on the bright side of life.","potentialAction":[{"@type":"SearchAction","target":{"@type":"EntryPoint","urlTemplate":"https:\/\/www.bright-side-karaoke.ch\/?s={search_term_string}"},"query-input":{"@type":"PropertyValueSpecification","valueRequired":true,"valueName":"search_term_string"}}],"inLanguage":"de"}]}},"_links":{"self":[{"href":"https:\/\/www.bright-side-karaoke.ch\/index.php\/wp-json\/wp\/v2\/pages\/1082","targetHints":{"allow":["GET"]}}],"collection":[{"href":"https:\/\/www.bright-side-karaoke.ch\/index.php\/wp-json\/wp\/v2\/pages"}],"about":[{"href":"https:\/\/www.bright-side-karaoke.ch\/index.php\/wp-json\/wp\/v2\/types\/page"}],"author":[{"embeddable":true,"href":"https:\/\/www.bright-side-karaoke.ch\/index.php\/wp-json\/wp\/v2\/users\/1"}],"replies":[{"embeddable":true,"href":"https:\/\/www.bright-side-karaoke.ch\/index.php\/wp-json\/wp\/v2\/comments?post=1082"}],"version-history":[{"count":22,"href":"https:\/\/www.bright-side-karaoke.ch\/index.php\/wp-json\/wp\/v2\/pages\/1082\/revisions"}],"predecessor-version":[{"id":1279,"href":"https:\/\/www.bright-side-karaoke.ch\/index.php\/wp-json\/wp\/v2\/pages\/1082\/revisions\/1279"}],"wp:attachment":[{"href":"https:\/\/www.bright-side-karaoke.ch\/index.php\/wp-json\/wp\/v2\/media?parent=1082"}],"curies":[{"name":"wp","href":"https:\/\/api.w.org\/{rel}","templated":true}]}}